) = 2*n**2 - 12*n + 14. What is d(9)?
68
Let d(a) = a**2 + 3*a - 9. Determine d(-7).
19
Let z(t) = -6*t + 4. What is z(-2)?
16
Let c(s) = s**2 - 28. Give c(0).
-28
Let n(d) = -16*d + 10. What is n(3)?
-38
Let d(c) = -c**2 + 11*c - 15. What is d(10)?
-5
Let k(s) = 11*s**2 + 2*s - 2. Determine k(3).
103
Let c(i) = i**3 - 5*i**2 - 2*i - 2. Give c(5).
-12
Let p(h) = -4*h + 5. Give p(11).
-39
Let t(p) = p**3 - 11*p**2 + 20*p - 18. Determine t(9).
0
Let l(n) = -13*n + 7. Calculate l(6).
-71
Let r(c) = 2*c**3 - 4*c - 1. Give r(-3).
-43
Let j(k) = -103*k**3 - k**2 + 2*k + 2. Determine j(-1).
102
Let g(s) = -9*s - 32. Give g(-7).
31
Let j(d) = d**2 + 2*d - 13. Give j(4).
11
Let a(r) = -r**2 + 9*r - 1. What is a(5)?
19
Let l(a) = -2*a**2 - 15*a + 2. Calculate l(-8).
-6
Let l(x) = x**3 - 26*x**2 + 69*x - 4. Calculate l(23).
-4
Let k(g) = 9*g - 7. Determine k(6).
47
Let q(o) = o**3 - 13*o**2 + 16*o - 21. Give q(11).
-87
Let a(d) = d**3 + 17*d**2 - 43*d - 46. Determine a(-19).
49
Let i(a) = 12*a + 5. Calculate i(-3).
-31
Let h(u) = -u**3 + 4*u**2 - 3*u + 8. Calculate h(3).
8
Let z(r) = -r**2 + 5*r + 2. What is z(6)?
-4
Let n(w) = -5*w - 8. Determine n(4).
-28
Let n(p) = -10*p + 80. Calculate n(0).
80
Let o(p) = -3*p**3 + p**2 + 4. Give o(-3).
94
Let l(r) = r**3 - 6*r**2 - 11*r + 56. Calculate l(6).
-10
Let b(o) = -4*o**3 + 12*o**2 - 3*o + 4. What is b(3)?
-5
Let w(h) = -2*h**2 + 33*h - 77. Determine w(14).
-7
Let f(g) = 6*g + 1. What is f(-4)?
-23
Let j(c) = -c**2 - 9*c - 1. What is j(-5)?
19
Let a(z) = -z**3 - z - 18. Calculate a(0).
-18
Let r(c) = -c**3 - 20*c**2 - 88*c - 41. Calculate r(-14).
15
Let j(o) = -5*o + 60. What is j(12)?
0
Let y(z) = -z**2 + 1. What is y(-2)?
-3
Let k(a) = -12*a - 3. Determine k(-3).
33
Let k(v) = 3*v**2 + 3*v + 3. Calculate k(-6).
93
Let b(l) = l**3 - 8*l**2 - 3*l - 7. Give b(9).
47
Let k(f) = -5*f**3 + f**2 - f - 2. Calculate k(-1).
5
Let x(v) = -v**3 - 2*v**2 - 4*v. What is x(-3)?
21
Let j(p) = p**2 + 4*p - 3. What is j(-3)?
-6
Let f(d) = d**3 + 3*d**2 - 4*d - 5. Give f(-4).
-5
Let z(f) = f**3 - 4*f**2 - 11*f - 9. Determine z(6).
-3
Let p(d) = -d**3 - 2*d**2 - 2*d + 2. What is p(-3)?
17
Let d(k) = k**2 + 8*k - 62. What is d(-12)?
-14
Let v(a) = -2*a + 4. Give v(6).
-8
Let t(g) = -g**2. Calculate t(7).
-49
Let j(f) = f**2 - 6*f + 5. Determine j(5).
0
Let l(h) = -8*h. Determine l(-7).
56
Let d(x) = -4*x**2 - 64*x + 4. Calculate d(-16).
4
Let j(m) = -m**2 + 7*m - 7. Determine j(4).
5
Let i(c) = 3*c**2 - 16*c + 33. Determine i(3).
12
Let q(v) = -4*v + 3. Determine q(-12).
51
Let u(v) = 4*v**2 - 4*v - 1. Calculate u(-1).
7
Let m(j) = -j - 5. Determine m(4).
-9
Let n(k) = k**3 + 2*k**2 - 2. Calculate n(2).
14
Let o(k) = k**3 - 16*k**2 - k + 8. Calculate o(16).
-8
Let j(c) = -2*c**3 + 2*c**2 + 2*c - 3. What is j(-2)?
17
Let b(i) = -i**2 + 10*i + 11. Calculate b(11).
0
Let y(u) = u**3 - u**2 - u + 28. What is y(0)?
28
Let t(c) = 10*c + 21. Calculate t(-8).
-59
Let l(n) = -53*n - 96. Calculate l(-2).
10
Let d(x) = 11*x + 138. What is d(-13)?
-5
Let a(k) = k**2 + 5*k. Determine a(-3).
-6
Let l(z) = z**3 + 12*z**2 - 3*z - 15. Calculate l(-12).
21
Let k(p) = -p - 20. What is k(-18)?
-2
Let l(g) = -3*g**3 + 4*g**2 - 3*g + 2. What is l(2)?
-12
Let u(d) = d - 32. Give u(18).
-14
Let h(v) = -v**3 - v**2 - v + 26. Give h(0).
26
Let o(t) = -2*t**2 + 18*t - 35. Determine o(6).
1
Let k(n) = -17*n + 2. Calculate k(-2).
36
Let z(p) = 2*p**2 + 9*p + 1. Give z(-6).
19
Let h(q) = q**2 + 32*q - 34. Determine h(-33).
-1
Let x(j) = -2*j - 38. Give x(12).
-62
Let g(v) = 2*v - 7. Calculate g(8).
9
Let g(r) = -r**3 + 9*r**2 - 10*r + 3. What is g(8)?
-13
Let v(x) = -x**3 + 2*x**2 - x + 4. Give v(3).
-8
Let c(z) = z**3 + 9*z**2 + 19*z + 9. Calculate c(-3).
6
Let v(j) = j**3 - 18*j**2 + 18*j - 12. Give v(17).
5
Let s(a) = 40*a**3 + a**2 - 1. Give s(1).
40
Let h(z) = z**2 - 7*z - 7. Determine h(10).
23
Let m(i) = 3*i**2 - 55*i + 16. What is m(18)?
-2
Let g(s) = -5*s + 114. Determine g(24).
-6
Let y(c) = -c**3 + 9*c**2 - 15*c + 2. Give y(7).
-5
Let w(p) = 2*p**2 + 3*p - 19. Determine w(-5).
16
Let u(k) = -8*k + 1. What is u(-5)?
41
Let m(k) = k**2 + 9*k. Calculate m(-8).
-8
Let p(i) = -i - 35. Determine p(18).
-53
Let h(v) = v**3 + 6*v - 1. Determine h(3).
44
Let h(k) = 8*k - 71. Calculate h(13).
33
Let w(j) = -j + 6. What is w(8)?
-2
Let v(b) = -b**3 - 14*b**2 + 15*b + 7. Determine v(-15).
7
Let a(l) = -62*l - 924. Determine a(-15).
6
Let j(q) = -q**3 - 7*q**2 - 7*q + 3. What is j(-6)?
9
Let i(a) = -a**2 - 4*a + 6. Determine i(-4).
6
Let i(c) = -c**3 + 6*c**2 - 7*c + 7. Give i(5).
-3
Let b(c) = -c**3 + 18*c**2 - 15*c - 42. Give b(17).
-8
Let o(b) = -2*b**2 + 6*b - 3. Determine o(3).
-3
Let k(j) = 7*j**2 - 146*j - 36. Calculate k(21).
-15
Let f(p) = -24*p + 94. Calculate f(4).
-2
Let o(d) = -22*d + 23. Determine o(-5).
133
Let p(s) = 2*s + 61. What is p(-7)?
47
Let x(m) = -m**3 + 6*m**2 - 3*m - 15. What is x(5)?
-5
Let y(v) = 61*v**3 - v**2. Give y(1).
60
Let k(a) = -a**3 - 22*a**2 - 4. Give k(-22).
-4
Let j(y) = -3*y**2 + 17*y + 9. Determine j(6).
3
Let l(p) = p**3 + 9*p**2 - 2*p - 16. What is l(-9)?
2
Let w(g) = 2*g**2 - 31*g + 53. Determine w(14).
11
Let l(s) = -4*s + 103. Give l(35).
-37
Let z(m) = -5*m - 9. Give z(-3).
6
Let d(n) = -94*n + 1314. Determine d(14).
-2
Let g(a) = -5*a - 11. Determine g(-2).
-1
Let x(k) = k**3 + 8*k**2 - 11*k - 7. Calculate x(-9).
11
Let v(s) = s + 8. Determine v(9).
17
Let k(u) = -6*u**2 + 41*u + 81. Give k(-2).
-25
Let b(h) = h**2 + 27*h + 113. What is b(-22)?
3
Let g(a) = a**3 - 7*a**2 - 12*a + 3. Give g(8).
-29
Let y(a) = a + 4. Determine y(-11).
-7
Let q(a) = -12*a + 173. What is q(15)?
-7
Let x(c) = -c + 29. Determine x(-3).
32
Let y(s) = 3*s**2 - 36*s + 23. Calculate y(11).
-10
Let x(p) = p**3 + 4*p**2 - 3*p + 6. Determine x(-4).
18
Let y(x) = x**3 + 6*x**2 + 7*x + 7. What is y(-5)?
-3
Let z(n) = n**3 + 11*n**2 + 10*n - 9. Determine z(-10).
-9
Let z(g) = 20*g**2 + 2*g - 2. Calculate z(-2).
74
Let t(d) = -18*d + 206. Calculate t(11).
8
Let o(z) = -z**3 - 7*z**2 - 5*z - 39. Give o(-7).
-4
Let b(h) = -h - 60. Determine b(0).
-60
Let r(i) = 12*i + 10. What is r(-9)?
-98
Let g(h) = 3*h - 9. What is g(5)?
6
Let y(p) = p**2 - 55*p - 119. Determine y(57).
-5
Let o(s) = -s**2 - 3*s. Give o(-2).
2
Let f(u) = -4*u + 9. What is f(-10)?
49
Let p(a) = -a**3 + 8*a**2 + 8*a + 9. Give p(9).
0
Let n(a) = 2*a**2 - 8*a - 12. Determine n(5).
-2
Let v(t) = 2*t**2 - 5*t - 8. Give v(5).
17
Let s(a) = -6*a**2 - 4*a. What is s(-1)?
-2
Let t(g) = g + 2. Determine t(-10).
-8
Let l(i) = i**2 + 11*i - 3. Calculate l(-11).
-3
Let a(y) = y**3 + 23*y**2 - 24*y + 23. Determine a(-24).
23
Let m(b) = b**3 - 8*b**2 - 10*b - 6. Give m(9).
-15
Let b(o) = o**2 - 6*o - 28. Give b(12).
44
Let r(u) = -u**3 - 51*u**2 - 96*u + 95. Determine r(-49).
-3
Let d(l) = 3*l + 3. What is d(-6)?
-15
Let o(d) = -d**3 + 9*d**2 - 11*d + 7. Determine o(6).
49
Let w(y) = 2*y**2 - 24*y - 32. Determine w(13).
-6
Let h(s) = s + 2. Give h(1).
3
Let g(c) = 3*c - 80. Determine g(16).
-32
Let q(m) = m**2 - 18*m + 84. What is q(6)?
12
Let h(q) = -11*q + 24. Calculate h(4).
-20
Let b(n) = -n**3 - 16*n**2 + 15*n - 43. Calculate b(-17).
-9
Let y(g) = -13*g - 85. What is y(-6)?
-7
Let y(x) = -x**3 + 23*x**2 - 39*x + 5. Determine y(21).
68
Let p(v) = 2*v**3 - 11*v**2 + 5*v + 2. Determine p(5).
2
Let y(a) = a**2 - 10*a - 10. Determine y(13).
29
Let x(n) = n**3 - 4*n**2 - 7*n + 1. Give x(5).
-9
Let w(b) = b**3 - 4*b**2 - 3*b - 2. Calculate w(5).
8
Let w(c) = -c**3 + 8*c**2 - 10*c - 4. What is w(7)?
-25
Let g(w) = -w**2 - 8*w + 13. Give g(-10).
-7
Let a(s) = -4*s**2 - 4*s + 32. Calculate a(-4).
-16
Let k(h) = -h - 9. Determine k(8).
-17
Let b(d) = -4*d**3 + 2*d**2 + 2*d - 10. What is b(3)?
-94
Let z(f) = 17*f**3 + 2*f**2 - f. What is z(1)?
18
Let f(n) = -5*n + 89. What is f(17)?
4
Let c(f) = f**2 - 4*f + 7. Calculate c(3).
4
Let w(d) = d**3 + 9*d**2 + 7*d + 10. Give w(-7).
59
Let c(n) = -5*n - 51. What is c(-9)?
-6
Let c(f) = f**3 + 4*f**2 - 8*f - 5. Calculate c(-5).
10
Let a(r) = r**2 + 6*r + 6. What is a(-5)?
1
Let m(i) = -10*i + 191. Determine m(18).
11
Let i(h) = 49*h**2 - 147*h - 7. Give i(3).
-7
Let l(n) = n**2 - 9*n - 6. Give l(10).
4
Let i(v) = v**2 + 3*v - 17. Determine i(-6).
1